
Let m = 282 + -254. Suppose -8128 = -m*k + 20*k. What are the prime factors of k?
2, 127
Let p be ((-763)/(-2) + -1)/(23/(-46)). Let o = 1693 + p. List the prime factors of o.
2, 233
Suppose -3*j + 7 = 6*k - 7*k, -4*k - 2 = j. List the prime factors of (7 - (-1896)/(-16))/(j/(-12)).
3, 223
Let z = -18345 + 40889. What are the prime factors of z?
2, 1409
Let s be 54/14*4 - 3/7. Let i be (-5)/(s/12)*1/(-4). List the prime factors of i*25*(2 - (3 - 4)).
3, 5
Suppose 0 = 63*i - 8810 - 12610. List the prime factors of i.
2, 5, 17
Let m(y) = 13*y**2 - 127*y - 258. What are the prime factors of m(-52)?
2, 20749
Suppose -3*i = 4*j - 7, -4*i = 1 - 5. Let u(z) be the second derivative of 3*z**5/4 - z**4/12 + z**2/2 + z. What are the prime factors of u(j)?
3, 5
Suppose -4*b = -2*l - 3548, -5*b - 3*l - 23 = -4458. Let r = -552 + b. List the prime factors of r.
5, 67
Let b(x) = -x**2 + 3*x + 6. Let l be b(5). List the prime factors of 5 + (l - 3) - -377.
3, 5
Let f be 2/(-2*(-2)/(-8)). Let w(x) be the third derivative of -x**4/3 - x**3/6 - 2*x**2 + 394*x. List the prime factors of w(f).
31
Let r be (-5 + 386/(-12))*-6. Let i = -598 + r. Let u = -116 - i. List the prime factors of u.
7, 37
Suppose 9*b - 38648 = 16831 + 12408. What are the prime factors of b?
19, 397
Suppose -2846*u - 1186368 = -2910*u. List the prime factors of u.
3, 37, 167
Suppose -30*w + 7*w + 23736 = 0. What are the prime factors of w?
2, 3, 43
Let z(q) = 80*q + 17. Let f be z(3). Let p = f + -88. What are the prime factors of p?
13
Let o(k) be the first derivative of 70*k**3/3 + 3*k**2/2 + 2*k + 34. What are the prime factors of o(-3)?
7, 89
Suppose 50*t + 267 = 767. Suppose 4*j + 4975 = 5*q, t*q - 1990 = 8*q + j. List the prime factors of q.
5, 199
Let l(b) = -10*b - 6*b - 24 - 10*b - 12*b - b**2. What are the prime factors of l(-16)?
2, 41
Suppose -682*d - 660*d + 1355*d = 121602. What are the prime factors of d?
2, 3, 1559
Suppose 293 = -4*x - p, -21 = -x + p - 88. Suppose -3*d - 945 = -8*d. Let m = x + d. What are the prime factors of m?
3, 13
Let i be (-2 + -1)/(21/154). Let m = i + 22. Suppose -5*r = -b + 212, m*b = -4*b + 3*r + 780. List the prime factors of b.
2, 3
Let j(o) = o**2 + 2*o - 3. Let k = 7 - 11. Let s be j(k). Suppose 0 = s*f - 20, -y - 2*f = -6*y + 337. List the prime factors of y.
3, 23
Let l = 374 - -15185. What are the prime factors of l?
15559
Suppose 0 = 5*i - 4*z - 11500, -6*i + i - 5*z = -11500. Let f be (i/(-15))/((-1)/3). Suppose f + 1472 = 12*c. What are the prime factors of c?
7, 23
Suppose 86*m = 77*m + 504846. List the prime factors of m.
2, 3, 9349
Let g = 17360 - 4554. What are the prime factors of g?
2, 19, 337
Suppose -8*x + 1754 = -454. Suppose r - 355 = -x. What are the prime factors of r?
79
Suppose -i = -14*i + 123486 + 288458. What are the prime factors of i?
2, 17, 233
Let l = 52 - 48. Suppose -l*r + 7 = 5*p, 0*p = -3*r - 2*p. List the prime factors of ((-9)/6)/((-1)/((-76)/r)).
3, 19
Let p(q) be the first derivative of q**3/3 - 3*q**2/2 + 29*q + 28. What are the prime factors of p(7)?
3, 19
Let m be (-12276)/(-165)*(-5)/(-2). Let g = 8 + m. List the prime factors of g.
2, 97
Let n = -4277 + 4386. List the prime factors of n.
109
Let o(w) = -8*w**3 + w**2 - 3*w - 2. Let f be o(-2). Let l(k) = -32*k**2 - 37*k**2 - 9*k - 1 + f*k**2. List the prime factors of l(6).
53
Let p be 11/(-6) + 1/(-6). Let b = -58 - 252. What are the prime factors of (p + 1/6*9)*b?
5, 31
Let k(w) = 14*w**2 + 3*w - 3. Let g be k(1). Suppose g*j = 5*j + 1251. Let q = j + -52. List the prime factors of q.
3, 29
Suppose 9*a - 62562 = -7*a + 33678. What are the prime factors of a?
3, 5, 401
Suppose -d = t - 28750, -t - 115020 = -143*d + 139*d. What are the prime factors of d?
2, 11, 1307
Suppose -121*y + 122*y = 2*c + 11, 2*y + 5*c + 23 = 0. Let a(h) be the second derivative of 19*h**4/12 - h**3/3 + h**2/2 - 2*h. List the prime factors of a(y).
2, 3
Let z(n) = n**3 + 4*n**2 - 6*n - 16. Let l be z(-5). Let r = l + 5. List the prime factors of 3 - (r/9)/(1/360).
3
Let l = -72 + 86. Suppose -1211 = -l*q + 1043. List the prime factors of q.
7, 23
Let r = -726 - -749. Let d(b) = b**3 - 23*b**2 + 22*b + 241. List the prime factors of d(r).
3, 83
Suppose -3*x - 19 = -2*a, -4*x - 5*a + 3*a - 2 = 0. What are the prime factors of x*(-11622)/99 + (-2)/11?
2, 11
Let d(t) = 25*t + 4. Let o be d(-3). Let r = 444 + o. List the prime factors of r.
373
Let a(j) = -94*j - 9. Let v = -303 + 287. List the prime factors of a(v).
5, 13, 23
Let a = 4480 - 4257. List the prime factors of a.
223
Suppose 0 = -0*a + 4*a - 4*h - 1720, 1292 = 3*a - 2*h. Let s = -242 + a. List the prime factors of s.
2, 5, 19
Let q = -26 + 17. Let o(r) = r**3 + 10*r**2 + 2*r + 40. List the prime factors of o(q).
103
Let s(p) = 146*p**2 + 25*p - 13*p + 16*p**2 - 29 + 150*p**2. What are the prime factors of s(2)?
11, 113
Suppose 0 = 3*j - 41 - 271. Let a be j/(-6)*(-31 - -7). Suppose -9*c + 17*c = a. List the prime factors of c.
2, 13
Suppose -3*j + 22 = 5*i, -18 = -3*i + 5*j + 2. Let m be 338/i + 4/10 - 1. Let v = 111 - m. List the prime factors of v.
2, 11
Suppose -b - 4*o = -0*o - 36, -2*o = 10. Let d = 58 - b. List the prime factors of (-1)/(3/d) + 556/6.
2, 23
Suppose 41983 - 29736 + 47953 = 7*f. List the prime factors of f.
2, 5, 43
Let p(i) = 17*i**2 + i + 14. Let k be p(8). Suppose 9*y + k = -609. Let b = y - -270. List the prime factors of b.
79
Let c(z) = -z**2 + 8*z - 4. Let n be c(4). Let p(g) = 76*g - 318. Let j be p(-12). What are the prime factors of j/(-36) - 2/n?
2, 17
Let n be 8/(-76) + (-2 - 28110/95). Let h = -151 - n. List the prime factors of h.
3, 7
Let a(f) = 53*f**2 - 4*f + 2. Let x(g) = -g**2 + g + 1. Let i(o) = a(o) + 3*x(o). Let b be i(7). Suppose -10*l = 2*l - b. List the prime factors of l.
2, 3, 17
Let h be ((-42)/(-15) + (-1)/(-5))*-218. Let y = h - -972. Suppose 3*a - 8 = -20, y = 2*b - 4*a. What are the prime factors of b?
151
Let k(f) = 0*f + 3*f**2 + 1231 + f**3 + 3*f - f**2 + 0*f**2 - 4*f. What are the prime factors of k(0)?
1231
Suppose -6*d + 2*d = 3*o - 389, o = -4*d + 383. Let h(m) = 6*m**2 + 35*m + 32. Let p be h(-5). Suppose d = p*a - 157. What are the prime factors of a?
2, 3
List the prime factors of -4 + 7313 + 15 - 2*-2.
2, 229
Let k be (-36)/16*(-4)/3. Suppose -494 = -2*p + 6*z - 2*z, -5*p + k*z + 1235 = 0. What are the prime factors of p?
13, 19
Suppose -9394*i - 307908 = -9406*i. List the prime factors of i.
3, 2851
Let c = 14799 - 14601. Suppose 8 = r + r, 4*u = 5*r + 116. Let l = u + c. What are the prime factors of l?
2, 29
Let j(k) = k**2 - 44*k - 109. Let l be j(-24). Let w = l - 993. List the prime factors of w.
2, 5, 53
Let d be (904 - 2/1)*(-60)/(-24). List the prime factors of 1968205/d + (-1 - 13/(-11)).
3, 97
Suppose 256*j - 8 = 252*j. Suppose -2*w - 5*c + 531 = -208, 4*w = -j*c + 1518. List the prime factors of w.
2, 191
Let f(d) = -9*d - 14. Let x = -77 - -75. Let z be f(x). Suppose -z*u = -o - 71 + 174, 2*o = -u + 215. What are the prime factors of o?
107
Let c = 119013 + -35050. What are the prime factors of c?
11, 17, 449
Let k(u) = -u**3 - 14*u**2 - 4*u - 35. Suppose -2*p + 4*p + 28 = 0. Let q be k(p). Suppose -s = -70 - q. What are the prime factors of s?
7, 13
Suppose -5*j = -2*s + 87, -s - 73 = -4*s - 4*j. Let v be s/((4/(-3))/(-4)). Suppose 23*m = 26*m - v. What are the prime factors of m?
31
Let b(g) = 8*g**2 + 160*g - 365. List the prime factors of b(-25).
5, 127
List the prime factors of ((-2)/15)/(1/(-5)) + 56353613/699.
80621
Let u be 5/2 + -3 - 2462/(-4). Suppose -u - 573 = -6*p. What are the prime factors of p?
2, 3, 11
Let c be (-234)/(-57) - (-5)/(190/(-4)). List the prime factors of (-968)/132*(-258)/c.
11, 43
Let o = -114 + 119. Suppose o*v + v - 1020 = 0. List the prime factors of v.
2, 5, 17
Let p(t) = -2*t**2 + 2*t + 56. Let o be p(-5). What are the prime factors of (102/o)/((-24)/832)?
2, 13, 17
Let f(s) = 8*s + 0*s - 2 + 88 - 9*s. What are the prime factors of f(-9)?
5, 19
Suppose 0*h - 5*h = -20. Let t(f) = -f**2 + 2*f - 13. Let p be t(h). What are the prime factors of (37/7 - 5) + (-2094)/p?
2, 5
Let z(b) = 4*b + 2. Let w be z(10). Let l be 1309/(-44) + (-2)/16*-6. Let m = w + l. List the prime factors of m.
13
Let v(h) = -34*h -